{"id":6171,"date":"2023-12-12T13:40:07","date_gmt":"2023-12-12T10:40:07","guid":{"rendered":"https:\/\/2kotomotiv.com\/?page_id=6171"},"modified":"2023-12-18T10:36:46","modified_gmt":"2023-12-18T07:36:46","slug":"arac-al","status":"publish","type":"page","link":"https:\/\/2kotomotiv.com\/index.php\/arac-al\/","title":{"rendered":"Ara\u00e7 Al"},"content":{"rendered":"\t\t<div data-elementor-type=\"wp-page\" data-elementor-id=\"6171\" class=\"elementor elementor-6171\">\n\t\t\t\t<div class=\"elementor-element elementor-element-23ee343 e-con-full e-flex e-con e-parent\" data-id=\"23ee343\" data-element_type=\"container\">\n\t\t\t\t<div class=\"elementor-element elementor-element-ab46bd1 elementor-widget elementor-widget-image\" data-id=\"ab46bd1\" data-element_type=\"widget\" data-widget_type=\"image.default\">\n\t\t\t\t<div class=\"elementor-widget-container\">\n\t\t\t\t\t\t\t\t\t\t\t\t\t\t\t<img fetchpriority=\"high\" decoding=\"async\" width=\"2000\" height=\"1334\" src=\"https:\/\/2kotomotiv.com\/wp-content\/uploads\/2023\/12\/car-dealer-customer-vehicle-showroom-choosing-new-car_342744-752.jpg\" class=\"attachment-full size-full wp-image-6254\" alt=\"\" srcset=\"https:\/\/2kotomotiv.com\/wp-content\/uploads\/2023\/12\/car-dealer-customer-vehicle-showroom-choosing-new-car_342744-752.jpg 2000w, https:\/\/2kotomotiv.com\/wp-content\/uploads\/2023\/12\/car-dealer-customer-vehicle-showroom-choosing-new-car_342744-752-300x200.jpg 300w, https:\/\/2kotomotiv.com\/wp-content\/uploads\/2023\/12\/car-dealer-customer-vehicle-showroom-choosing-new-car_342744-752-1024x683.jpg 1024w, https:\/\/2kotomotiv.com\/wp-content\/uploads\/2023\/12\/car-dealer-customer-vehicle-showroom-choosing-new-car_342744-752-768x512.jpg 768w, https:\/\/2kotomotiv.com\/wp-content\/uploads\/2023\/12\/car-dealer-customer-vehicle-showroom-choosing-new-car_342744-752-1536x1025.jpg 1536w, https:\/\/2kotomotiv.com\/wp-content\/uploads\/2023\/12\/car-dealer-customer-vehicle-showroom-choosing-new-car_342744-752-600x400.jpg 600w\" sizes=\"(max-width: 2000px) 100vw, 2000px\" \/>\t\t\t\t\t\t\t\t\t\t\t\t\t\t\t<\/div>\n\t\t\t\t<\/div>\n\t\t\t\t<\/div>\n\t\t<div class=\"elementor-element elementor-element-0de24cb e-flex e-con-boxed e-con e-parent\" data-id=\"0de24cb\" data-element_type=\"container\">\n\t\t\t\t\t<div class=\"e-con-inner\">\n\t\t\t\t<div class=\"elementor-element elementor-element-8431460 elementor-widget elementor-widget-spacer\" data-id=\"8431460\" data-element_type=\"widget\" data-widget_type=\"spacer.default\">\n\t\t\t\t<div class=\"elementor-widget-container\">\n\t\t\t\t\t\t\t<div class=\"elementor-spacer\">\n\t\t\t<div class=\"elementor-spacer-inner\"><\/div>\n\t\t<\/div>\n\t\t\t\t\t\t<\/div>\n\t\t\t\t<\/div>\n\t\t\t\t\t<\/div>\n\t\t\t\t<\/div>\n\t\t<div class=\"elementor-element elementor-element-e35c1c4 e-con-full e-flex e-con e-parent\" data-id=\"e35c1c4\" data-element_type=\"container\">\n\t\t\t\t<div class=\"elementor-element elementor-element-a338b76 elementor-widget elementor-widget-wpforms\" data-id=\"a338b76\" data-element_type=\"widget\" data-widget_type=\"wpforms.default\">\n\t\t\t\t<div class=\"elementor-widget-container\">\n\t\t\t\t\t<style id=\"wpforms-css-vars-elementor-widget-a338b76\">\n\t\t\t\t.elementor-widget-wpforms.elementor-element-a338b76 {\n\t\t\t\t--wpforms-button-background-color: #000000;\n--wpforms-button-size-font-size: 20px;\n--wpforms-button-size-height: 48px;\n--wpforms-button-size-padding-h: 20px;\n--wpforms-button-size-margin-top: 15px;\n\t\t\t}\n\t\t\t<\/style><div class=\"wpforms-container wpforms-container-full wpforms-render-modern\" id=\"wpforms-6166\"><form id=\"wpforms-form-6166\" class=\"wpforms-validate wpforms-form wpforms-ajax-form\" data-formid=\"6166\" method=\"post\" enctype=\"multipart\/form-data\" action=\"\/index.php\/wp-json\/wp\/v2\/pages\/6171\" data-token=\"f464e4e2b8015bded238a969e87d0b6e\" data-token-time=\"1776310837\"><noscript class=\"wpforms-error-noscript\">Bu formu bitirebilmek i\u00e7in taray\u0131c\u0131n\u0131zda JavaScript&#039;i etkinle\u015ftirin.<\/noscript><div id=\"wpforms-error-noscript\" style=\"display: none;\">Bu formu bitirebilmek i\u00e7in taray\u0131c\u0131n\u0131zda JavaScript&#039;i etkinle\u015ftirin.<\/div><div class=\"wpforms-field-container\"><div id=\"wpforms-6166-field_0-container\" class=\"wpforms-field wpforms-field-name\" data-field-id=\"0\"><fieldset><legend class=\"wpforms-field-label\">Ad\u0131 Soyad\u0131 <span class=\"wpforms-required-label\" aria-hidden=\"true\">*<\/span><\/legend><div class=\"wpforms-field-row wpforms-field-large\"><div class=\"wpforms-field-row-block wpforms-first wpforms-one-half\"><input type=\"text\" id=\"wpforms-6166-field_0\" class=\"wpforms-field-name-first wpforms-field-required\" name=\"wpforms[fields][0][first]\" aria-errormessage=\"wpforms-6166-field_0-error\" required><label for=\"wpforms-6166-field_0\" class=\"wpforms-field-sublabel after\">Ad<\/label><\/div><div class=\"wpforms-field-row-block wpforms-one-half\"><input type=\"text\" id=\"wpforms-6166-field_0-last\" class=\"wpforms-field-name-last wpforms-field-required\" name=\"wpforms[fields][0][last]\" aria-errormessage=\"wpforms-6166-field_0-last-error\" required><label for=\"wpforms-6166-field_0-last\" class=\"wpforms-field-sublabel after\">Soyad<\/label><\/div><\/div><\/fieldset><\/div><div id=\"wpforms-6166-field_6-container\" class=\"wpforms-field wpforms-field-text\" data-field-id=\"6\"><label class=\"wpforms-field-label\" for=\"wpforms-6166-field_6\">Telefon Numaran\u0131z<\/label><input type=\"text\" id=\"wpforms-6166-field_6\" class=\"wpforms-field-large\" name=\"wpforms[fields][6]\" aria-errormessage=\"wpforms-6166-field_6-error\" ><\/div><div id=\"wpforms-6166-field_8-container\" class=\"wpforms-field wpforms-field-select wpforms-field-select-style-classic\" data-field-id=\"8\"><label class=\"wpforms-field-label\" for=\"wpforms-6166-field_8\">Ara\u00e7lar\u0131m\u0131z<\/label><select id=\"wpforms-6166-field_8\" class=\"wpforms-field-large\" name=\"wpforms[fields][8]\"><option value=\"Alfa Romeo\"  class=\"choice-1 depth-1\"  >Alfa Romeo<\/option><option value=\"Audi\"  class=\"choice-2 depth-1\"  >Audi<\/option><option value=\"BMW\"  class=\"choice-3 depth-1\"  >BMW<\/option><option value=\"Chery\"  class=\"choice-4 depth-1\"  >Chery<\/option><option value=\"Citroen\"  class=\"choice-5 depth-1\"  >Citroen<\/option><option value=\"Chevrolet\"  class=\"choice-6 depth-1\"  >Chevrolet<\/option><option value=\"Dacia\"  class=\"choice-8 depth-1\"  >Dacia<\/option><option value=\"DS Automobiles\"  class=\"choice-7 depth-1\"  >DS Automobiles<\/option><option value=\"Fiat\"  class=\"choice-9 depth-1\"  >Fiat<\/option><option value=\"Ford\"  class=\"choice-10 depth-1\"  >Ford<\/option><option value=\"Honda\"  class=\"choice-11 depth-1\"  >Honda<\/option><option value=\"Hyundai\"  class=\"choice-12 depth-1\"  >Hyundai<\/option><option value=\"Kia\"  class=\"choice-13 depth-1\"  >Kia<\/option><option value=\"Mercedes Benz\"  class=\"choice-14 depth-1\"  >Mercedes Benz<\/option><option value=\"MG\"  class=\"choice-15 depth-1\"  >MG<\/option><option value=\"Mini\"  class=\"choice-16 depth-1\"  >Mini<\/option><option value=\"Mitsubishi\"  class=\"choice-17 depth-1\"  >Mitsubishi<\/option><option value=\"Nissan\"  class=\"choice-18 depth-1\"  >Nissan<\/option><option value=\"Opel\"  class=\"choice-19 depth-1\"  >Opel<\/option><option value=\"Peugeot\"  class=\"choice-20 depth-1\"  >Peugeot<\/option><option value=\"Porsche\"  class=\"choice-21 depth-1\"  >Porsche<\/option><option value=\"Renault\"  class=\"choice-22 depth-1\"  >Renault<\/option><option value=\"Seat - Cupra\"  class=\"choice-24 depth-1\"  >Seat - Cupra<\/option><option value=\"Skoda\"  class=\"choice-26 depth-1\"  >Skoda<\/option><option value=\"Subaru\"  class=\"choice-27 depth-1\"  >Subaru<\/option><option value=\"Suzuki\"  class=\"choice-28 depth-1\"  >Suzuki<\/option><option value=\"Tesla\"  class=\"choice-29 depth-1\"  >Tesla<\/option><option value=\"Toyota\"  class=\"choice-30 depth-1\"  >Toyota<\/option><option value=\"Volkswagen\"  class=\"choice-31 depth-1\"  >Volkswagen<\/option><option value=\"Volvo\"  class=\"choice-32 depth-1\"  >Volvo<\/option><\/select><\/div><div id=\"wpforms-6166-field_9-container\" class=\"wpforms-field wpforms-field-text\" data-field-id=\"9\"><label class=\"wpforms-field-label\" for=\"wpforms-6166-field_9\">Modelini Belirtiniz<\/label><input type=\"text\" id=\"wpforms-6166-field_9\" class=\"wpforms-field-large\" name=\"wpforms[fields][9]\" aria-errormessage=\"wpforms-6166-field_9-error\" ><\/div><div id=\"wpforms-6166-field_10-container\" class=\"wpforms-field wpforms-field-checkbox wpforms-list-inline\" data-field-id=\"10\"><fieldset><legend class=\"wpforms-field-label\">Vites Se\u00e7ene\u011fi<\/legend><ul id=\"wpforms-6166-field_10\"><li class=\"choice-1 depth-1\"><input type=\"checkbox\" id=\"wpforms-6166-field_10_1\" name=\"wpforms[fields][10][]\" value=\"Otomatik\" aria-errormessage=\"wpforms-6166-field_10_1-error\"  ><label class=\"wpforms-field-label-inline\" for=\"wpforms-6166-field_10_1\">Otomatik<\/label><\/li><li class=\"choice-2 depth-1\"><input type=\"checkbox\" id=\"wpforms-6166-field_10_2\" name=\"wpforms[fields][10][]\" value=\"Manuel\" aria-errormessage=\"wpforms-6166-field_10_2-error\"  ><label class=\"wpforms-field-label-inline\" for=\"wpforms-6166-field_10_2\">Manuel<\/label><\/li><\/ul><\/fieldset><\/div><div id=\"wpforms-6166-field_1-container\" class=\"wpforms-field wpforms-field-email\" data-field-id=\"1\"><label class=\"wpforms-field-label\" for=\"wpforms-6166-field_1\">E-posta <span class=\"wpforms-required-label\" aria-hidden=\"true\">*<\/span><\/label><input type=\"email\" id=\"wpforms-6166-field_1\" class=\"wpforms-field-large wpforms-field-required\" name=\"wpforms[fields][1]\" spellcheck=\"false\" aria-errormessage=\"wpforms-6166-field_1-error\" required><\/div><\/div><!-- .wpforms-field-container --><div class=\"wpforms-submit-container\" ><input type=\"hidden\" name=\"wpforms[id]\" value=\"6166\"><input type=\"hidden\" name=\"page_title\" value=\"\"><input type=\"hidden\" name=\"page_url\" value=\"https:\/\/2kotomotiv.com\/index.php\/wp-json\/wp\/v2\/pages\/6171\"><input type=\"hidden\" name=\"url_referer\" value=\"\"><button type=\"submit\" name=\"wpforms[submit]\" id=\"wpforms-submit-6166\" class=\"wpforms-submit\" data-alt-text=\"G\u00f6nderiliyor...\" data-submit-text=\"G\u00f6nder\" aria-live=\"assertive\" value=\"wpforms-submit\">G\u00f6nder<\/button><img decoding=\"async\" src=\"https:\/\/2kotomotiv.com\/wp-content\/plugins\/wpforms-lite\/assets\/images\/submit-spin.svg\" class=\"wpforms-submit-spinner\" style=\"display: none;\" width=\"26\" height=\"26\" alt=\"Y\u00fckleniyor\"><\/div><\/form><\/div>  <!-- .wpforms-container -->\t\t\t\t<\/div>\n\t\t\t\t<\/div>\n\t\t\t\t<\/div>\n\t\t<div class=\"elementor-element elementor-element-6a37671 e-flex e-con-boxed e-con e-parent\" data-id=\"6a37671\" data-element_type=\"container\">\n\t\t\t\t\t<div class=\"e-con-inner\">\n\t\t\t\t<div class=\"elementor-element elementor-element-effd0cf elementor-widget elementor-widget-spacer\" data-id=\"effd0cf\" data-element_type=\"widget\" data-widget_type=\"spacer.default\">\n\t\t\t\t<div class=\"elementor-widget-container\">\n\t\t\t\t\t\t\t<div class=\"elementor-spacer\">\n\t\t\t<div class=\"elementor-spacer-inner\"><\/div>\n\t\t<\/div>\n\t\t\t\t\t\t<\/div>\n\t\t\t\t<\/div>\n\t\t\t\t\t<\/div>\n\t\t\t\t<\/div>\n\t\t<div class=\"elementor-element elementor-element-8516b0b e-flex e-con-boxed e-con e-parent\" data-id=\"8516b0b\" data-element_type=\"container\">\n\t\t\t\t\t<div class=\"e-con-inner\">\n\t\t\t\t<div class=\"elementor-element elementor-element-fc437e9 elementor-widget elementor-widget-heading\" data-id=\"fc437e9\" data-element_type=\"widget\" data-widget_type=\"heading.default\">\n\t\t\t\t<div class=\"elementor-widget-container\">\n\t\t\t\t\t<h2 class=\"elementor-heading-title elementor-size-default\">\u0130kinci El Araba Al\u0131rken Nelere Dikkat Edilmeli?<\/h2>\t\t\t\t<\/div>\n\t\t\t\t<\/div>\n\t\t\t\t\t<\/div>\n\t\t\t\t<\/div>\n\t\t<div class=\"elementor-element elementor-element-858b90f e-flex e-con-boxed e-con e-parent\" data-id=\"858b90f\" data-element_type=\"container\">\n\t\t\t\t\t<div class=\"e-con-inner\">\n\t\t\t\t<div class=\"elementor-element elementor-element-0e36789 elementor-widget elementor-widget-text-editor\" data-id=\"0e36789\" data-element_type=\"widget\" data-widget_type=\"text-editor.default\">\n\t\t\t\t<div class=\"elementor-widget-container\">\n\t\t\t\t\t\t\t\t\t<h3 id=\"fd8d\" class=\"pw-post-body-paragraph ma mb gr mc b md me mf mg mh mi mj mk ml mm mn mo mp mq mr ms mt mu mv mw mx gk bj\"><strong class=\"mc gs\">2. el ara\u00e7 al\u0131rken dikkat edilmesi gereken 10 Madde nedir?<\/strong><\/h3><p class=\"pw-post-body-paragraph ma mb gr mc b md me mf mg mh mi mj mk ml mm mn mo mp mq mr ms mt mu mv mw mx gk bj\" data-selectable-paragraph=\"\">2. el otomobil almak isteyenler i\u00e7in nelere dikkat etmelidir? \u0130kinci el ara\u00e7lar\u0131 olan ilgi her ge\u00e7en g\u00fcn daha da fazla artmaktad\u0131r. S\u0131f\u0131r ara\u00e7 tedarikinin az olmas\u0131 ve s\u0131f\u0131r ara\u00e7lar\u0131n ikinci ellerden \u00e7ok daha fazla maliyetli olmas\u0131, ikinci el ara\u00e7lar\u0131n daha fazla tercih edilmesine neden oluyor.<\/p><p id=\"aa99\" class=\"pw-post-body-paragraph ma mb gr mc b md me mf mg mh mi mj mk ml mm mn mo mp mq mr ms mt mu mv mw mx gk bj\" data-selectable-paragraph=\"\">Fakat do\u011fru bir se\u00e7im yap\u0131ld\u0131\u011f\u0131 zaman ikinci el ara\u00e7lar\u0131n s\u0131f\u0131r ara\u00e7lardan \u00e7ok daha avantajl\u0131 oldu\u011fu g\u00f6z \u00f6n\u00fcne \u00e7\u0131k\u0131yor. Bu hususta ikinci el ara\u00e7 se\u00e7imini do\u011fru yapmak \u00e7ok \u00f6nemlidir. Ald\u0131\u011f\u0131n\u0131z arac\u0131 uzun y\u0131llar boyunca kullanmak ve daha az maliyete girmek i\u00e7in, ikinci el ara\u00e7lar\u0131 al\u0131rken dikkat etmeniz gereken baz\u0131 hususlar vard\u0131r.<\/p><p id=\"f8ca\" class=\"pw-post-body-paragraph ma mb gr mc b md nx mf mg mh ny mj mk ml nz mn mo mp oa mr ms mt ob mv mw mx gk bj\" data-selectable-paragraph=\"\">\u0130kinci el ara\u00e7lardan y\u00fcksek d\u00fczeyde bir verim almak, do\u011fru bir arac\u0131 se\u00e7menize ba\u011fl\u0131d\u0131r. Bu y\u00fczden ikinci el ara\u00e7 al\u0131rken dikkat etmeniz gereken kriterleri iyi bilmeniz gerekir. \u0130kinci el ara\u00e7lar \u00f6nceki sahipleri taraf\u0131ndan belli bir s\u00fcre kullan\u0131rlar. Bu nedenle ara\u00e7ta hasar ya da ar\u0131za durumlar\u0131n\u0131n olmas\u0131 normaldir.<\/p><p id=\"8e93\" class=\"pw-post-body-paragraph ma mb gr mc b md me mf mg mh mi mj mk ml mm mn mo mp mq mr ms mt mu mv mw mx gk bj\" data-selectable-paragraph=\"\">Bu tip durumlar\u0131 \u00f6nceden bilmek arac\u0131n\u0131z\u0131 daha sa\u011fl\u0131kl\u0131 ve daha uzun \u00f6m\u00fcrl\u00fc kullanabilmeniz a\u00e7\u0131s\u0131ndan gereklidir. \u0130kinci el ara\u00e7lar\u0131n her zaman g\u00fcvenilir ki\u015filerden sat\u0131n al\u0131nmas\u0131 gerekir. Ayr\u0131ca araca dair t\u00fcm bilgi ve belgeleri bilmeniz \u00f6nemlidir. Paran\u0131z\u0131n bo\u015fa gitmemesi ve araba doland\u0131r\u0131c\u0131lar\u0131na para kapt\u0131rmaman\u0131z i\u00e7in dikkat edilmesi gerekenlere mutlaka g\u00f6z gezdirin.<\/p><h3 id=\"8156\" class=\"pw-post-body-paragraph ma mb gr mc b md nx mf mg mh ny mj mk ml nz mn mo mp oa mr ms mt ob mv mw mx gk bj\"><strong>\u0130kinci el araba al\u0131rken dikkat edilmesi gerekenler \u015funlard\u0131r:<\/strong><\/h3><ol class=\"\"><li id=\"9ec7\" class=\"ma mb gr mc b md me mf mg mh mi mj mk ml mm mn mo mp mq mr ms mt mu mv mw mx od oe of bj\" data-selectable-paragraph=\"\">Hasar kayd\u0131n\u0131 sorgulay\u0131n.<\/li><li id=\"bc30\" class=\"ma mb gr mc b md og mf mg mh oh mj mk ml oi mn mo mp oj mr ms mt ok mv mw mx od oe of bj\" data-selectable-paragraph=\"\">Boya ve kaporta ekspertizi yapt\u0131r\u0131n.<\/li><li id=\"e23d\" class=\"ma mb gr mc b md og mf mg mh oh mj mk ml oi mn mo mp oj mr ms mt ok mv mw mx od oe of bj\" data-selectable-paragraph=\"\">Arac\u0131n kilometresini kontrol edin.<\/li><li id=\"2a1d\" class=\"ma mb gr mc b md og mf mg mh oh mj mk ml oi mn mo mp oj mr ms mt ok mv mw mx od oe of bj\" data-selectable-paragraph=\"\">Araban\u0131n piyasadaki de\u011ferini ve pop\u00fclaritesini \u00f6\u011frenin.<\/li><li id=\"d1a6\" class=\"ma mb gr mc b md og mf mg mh oh mj mk ml oi mn mo mp oj mr ms mt ok mv mw mx od oe of bj\" data-selectable-paragraph=\"\">Arac\u0131n sat\u0131c\u0131s\u0131n\u0131 iyi tan\u0131y\u0131n.<\/li><li id=\"f952\" class=\"ma mb gr mc b md og mf mg mh oh mj mk ml oi mn mo mp oj mr ms mt ok mv mw mx od oe of bj\" data-selectable-paragraph=\"\">Lastik kontrollerini yap\u0131n.<\/li><li id=\"c521\" class=\"ma mb gr mc b md og mf mg mh oh mj mk ml oi mn mo mp oj mr ms mt ok mv mw mx od oe of bj\" data-selectable-paragraph=\"\">Par\u00e7alar\u0131n orijinal olup olmad\u0131\u011f\u0131na bak\u0131n.<\/li><li id=\"c95f\" class=\"ma mb gr mc b md og mf mg mh oh mj mk ml oi mn mo mp oj mr ms mt ok mv mw mx od oe of bj\" data-selectable-paragraph=\"\">Ekipmanlar\u0131n ve yedek anahtar\u0131n durumunu \u00f6\u011frenin.<\/li><li id=\"5331\" class=\"ma mb gr mc b md og mf mg mh oh mj mk ml oi mn mo mp oj mr ms mt ok mv mw mx od oe of bj\" data-selectable-paragraph=\"\">Test s\u00fcr\u00fc\u015f\u00fc yap\u0131n.<\/li><li id=\"b452\" class=\"ma mb gr mc b md og mf mg mh oh mj mk ml oi mn mo mp oj mr ms mt ok mv mw mx od oe of bj\" data-selectable-paragraph=\"\">Arac\u0131n fiyat\u0131 konusunda pazarl\u0131k yap\u0131n.<\/li><\/ol><p id=\"8ea1\" class=\"pw-post-body-paragraph ma mb gr mc b md me mf mg mh mi mj mk ml mm mn mo mp mq mr ms mt mu mv mw mx gk bj\" data-selectable-paragraph=\"\">Bu 10 maddeyi hi\u00e7bir \u015fekilde ihmal etmeyin. Do\u011fru ve kendinize en uygun ikinci el arac\u0131 alabilmek i\u00e7in bu hususlar\u0131 bilmeniz gerekiyor.<\/p><h3 id=\"a1eb\" class=\"mz na gr be nb nc nd ne nf ng nh ni nj nk nl nm nn no np nq nr ns nt nu nv nw bj\"><strong>\u0130kinci El Ara\u00e7 Al\u0131rken Ne Sorulmal\u0131d\u0131r?<\/strong><\/h3><p id=\"e6b2\" class=\"pw-post-body-paragraph ma mb gr mc b md nx mf mg mh ny mj mk ml nz mn mo mp oa mr ms mt ob mv mw mx gk bj\" data-selectable-paragraph=\"\">\u0130kinci el ara\u00e7 al\u0131rken ara\u00e7 sahibine sorman\u0131z gereken baz\u0131 sorular vard\u0131r. Bu sorular\u0131 sat\u0131n alma i\u015flemi yapmadan \u00f6nce mutlaka sorun.<\/p><h3 id=\"5b8c\" class=\"pw-post-body-paragraph ma mb gr mc b md me mf mg mh mi mj mk ml mm mn mo mp mq mr ms mt mu mv mw mx gk bj\"><strong><em class=\"oc\">\u0130kinci el ara\u00e7 al\u0131rken sorman\u0131z gerekenler \u015funlard\u0131r:<\/em><\/strong><\/h3><ul class=\"\"><li id=\"a0eb\" class=\"ma mb gr mc b md me mf mg mh mi mj mk ml mm mn mo mp mq mr ms mt mu mv mw mx ow oe of bj\" data-selectable-paragraph=\"\">Arac\u0131n hasar kayd\u0131 olup olmad\u0131\u011f\u0131n\u0131 sorun.<\/li><li id=\"2fa6\" class=\"ma mb gr mc b md og mf mg mh oh mj mk ml oi mn mo mp oj mr ms mt ok mv mw mx ow oe of bj\" data-selectable-paragraph=\"\">Arac\u0131n ekspertiz raporuna sahip olup olmad\u0131\u011f\u0131n\u0131 sorun.<\/li><li id=\"fb75\" class=\"ma mb gr mc b md og mf mg mh oh mj mk ml oi mn mo mp oj mr ms mt ok mv mw mx ow oe of bj\" data-selectable-paragraph=\"\">Boya ekspertizi yapt\u0131r\u0131n.<\/li><li id=\"8323\" class=\"ma mb gr mc b md og mf mg mh oh mj mk ml oi mn mo mp oj mr ms mt ok mv mw mx ow oe of bj\" data-selectable-paragraph=\"\">Donan\u0131m ve motor \u00f6zelliklerini sorun.<\/li><li id=\"70ff\" class=\"ma mb gr mc b md og mf mg mh oh mj mk ml oi mn mo mp oj mr ms mt ok mv mw mx ow oe of bj\" data-selectable-paragraph=\"\">Arac\u0131n kilometresini \u00f6\u011frenin.<\/li><li id=\"f897\" class=\"ma mb gr mc b md og mf mg mh oh mj mk ml oi mn mo mp oj mr ms mt ok mv mw mx ow oe of bj\" data-selectable-paragraph=\"\">Otomobilin trafik cezas\u0131 al\u0131p almad\u0131\u011f\u0131n\u0131 \u00f6\u011frenin.<\/li><\/ul><p id=\"76d5\" class=\"pw-post-body-paragraph ma mb gr mc b md me mf mg mh mi mj mk ml mm mn mo mp mq mr ms mt mu mv mw mx gk bj\" data-selectable-paragraph=\"\">Bu sorular\u0131n cevaplar\u0131n\u0131 \u00f6\u011frenmeden ikinci el araba al\u0131m\u0131 yapmay\u0131n. \u00c7\u00fcnk\u00fc bu alanlarda herhangi bir sorunun olmas\u0131 ileride sorun ya\u015faman\u0131z anlam\u0131na gelir.<\/p><h3 id=\"ae0c\" class=\"mz na gr be nb nc nd ne nf ng nh ni nj nk nl nm nn no np nq nr ns nt nu nv nw bj\"><strong>\u0130kinci El Araba Alman\u0131n P\u00fcf Noktalar\u0131<\/strong><\/h3><p id=\"476b\" class=\"pw-post-body-paragraph ma mb gr mc b md nx mf mg mh ny mj mk ml nz mn mo mp oa mr ms mt ob mv mw mx gk bj\" data-selectable-paragraph=\"\">\u0130kinci el araba al\u0131rken baz\u0131 p\u00fcf noktalar\u0131 bilmek gerekir. B\u00f6ylece sat\u0131n alaca\u011f\u0131n\u0131z en do\u011fru arac\u0131 rahatl\u0131kla bulabilirsiniz. \u0130kinci el ara\u00e7 almak istedi\u011finizde ilk yapman\u0131z gereken \u015fey do\u011fru arac\u0131 belirlemektir.<\/p><p id=\"8702\" class=\"pw-post-body-paragraph ma mb gr mc b md me mf mg mh mi mj mk ml mm mn mo mp mq mr ms mt mu mv mw mx gk bj\" data-selectable-paragraph=\"\">Bu hususta nas\u0131l bir ara\u00e7 modeline ihtiyac\u0131n\u0131z oldu\u011funu iyi bilmelisiniz. Arac\u0131 se\u00e7tikten sonra yapman\u0131z gereken ikinci \u015fey ise arac\u0131n lastiklerini incelemektir. \u00c7\u00fcnk\u00fc ara\u00e7 lastikleri otomobilin durumunu belli eden en \u00f6nemli unsurlardan biridir. Bunlar\u0131n yan\u0131 s\u0131ra arac\u0131n ge\u00e7mi\u015fini de bilmek gerekir.<\/p><p id=\"6141\" class=\"pw-post-body-paragraph ma mb gr mc b md me mf mg mh mi mj mk ml mm mn mo mp mq mr ms mt mu mv mw mx gk bj\" data-selectable-paragraph=\"\">Bu konuda ara\u00e7 sat\u0131c\u0131s\u0131ndan bilgi alabilirsiniz. Ayn\u0131 zamanda ara\u00e7 motorunun gerekli bak\u0131mlar\u0131 ald\u0131\u011f\u0131ndan emin olmal\u0131s\u0131n\u0131z. Bak\u0131ms\u0131z bir motor ileride size b\u00fcy\u00fck masraflar a\u00e7abilir. Bu t\u00fcr maliyetlere girmemek i\u00e7in ara\u00e7 motorunun sa\u011flam ve bak\u0131ml\u0131 olmas\u0131 gerekir. Arac\u0131n kaportas\u0131na bakmak da dikkat etmeniz gereken bir di\u011fer p\u00fcf noktad\u0131r. Araban\u0131n kaportas\u0131 ne kadar d\u00fczg\u00fcn olursa kendisi de o kadar d\u00fczg\u00fcnd\u00fcr.<\/p><p id=\"d209\" class=\"pw-post-body-paragraph ma mb gr mc b md me mf mg mh mi mj mk ml mm mn mo mp mq mr ms mt mu mv mw mx gk bj\" data-selectable-paragraph=\"\">\u0130kinci el araba al\u0131rken al\u0131m sat\u0131m s\u00fcrecinin p\u00fcf noktalar\u0131na da dikkat etmeniz gerekir. Araba almaya karar verdi\u011finiz ilk anda yapman\u0131z gereken en \u00f6nemli \u015fey b\u00fct\u00e7e belirlemesidir. Bu sayede b\u00fct\u00e7enize uygun olan arabalar \u00fczerinden se\u00e7im yapmaya ba\u015flars\u0131n\u0131z. Daha sonra almay\u0131 planlad\u0131\u011f\u0131n\u0131z otomobilin ne kadar zamandan beri kullan\u0131ld\u0131\u011f\u0131n\u0131 \u00f6\u011frenmelisiniz.<\/p><p id=\"8a77\" class=\"pw-post-body-paragraph ma mb gr mc b md me mf mg mh mi mj mk ml mm mn mo mp mq mr ms mt mu mv mw mx gk bj\" data-selectable-paragraph=\"\">Ard\u0131ndan ara\u00e7 bak\u0131mlar\u0131n\u0131 dikkate almal\u0131s\u0131n\u0131z. Arac\u0131n yak\u0131t t\u00fcketimi konusunda nas\u0131l oldu\u011funu \u00f6\u011frenmelisiniz. Ek donan\u0131mlar\u0131n\u0131 ve yedek par\u00e7alar\u0131n\u0131 \u00f6\u011frenmeyi de ihmal etmemelisiniz.\u00a0<\/p><p id=\"9cc1\" class=\"pw-post-body-paragraph ma mb gr mc b md me mf mg mh mi mj mk ml mm mn mo mp mq mr ms mt mu mv mw mx gk bj\" data-selectable-paragraph=\"\">\u0130\u015flemlerin noterde yap\u0131lmas\u0131na dikkat etmelisiniz. Ayr\u0131ca sat\u0131n alma i\u015flemleri i\u00e7in gerekli olan belgelerin do\u011frulu\u011fundan emin olmal\u0131s\u0131n\u0131z. Bu hususta g\u00fcvendi\u011finiz ya da tan\u0131d\u0131\u011f\u0131n\u0131z insanlardan ikinci el araba sat\u0131n almal\u0131s\u0131n\u0131z.<\/p><figure class=\"oo op oq or os ot ol om paragraph-image\"><\/figure>\t\t\t\t\t\t\t\t<\/div>\n\t\t\t\t<\/div>\n\t\t\t\t\t<\/div>\n\t\t\t\t<\/div>\n\t\t<div class=\"elementor-element elementor-element-2604b5c e-flex e-con-boxed e-con e-parent\" data-id=\"2604b5c\" data-element_type=\"container\">\n\t\t\t\t\t<div class=\"e-con-inner\">\n\t\t\t\t\t<\/div>\n\t\t\t\t<\/div>\n\t\t\t\t<\/div>\n\t\t","protected":false},"excerpt":{"rendered":"<p>Bu formu bitirebilmek i\u00e7in taray\u0131c\u0131n\u0131zda JavaScript&#039;i etkinle\u015ftirin.Bu formu bitirebilmek i\u00e7in taray\u0131c\u0131n\u0131zda JavaScript&#039;i etkinle\u015ftirin. Ad\u0131 Soyad\u0131 * AdSoyad Telefon Numaran\u0131zAra\u00e7lar\u0131m\u0131zAlfa RomeoAudiBMWCheryCitroenChevroletDaciaDS AutomobilesFiatFordHondaHyundaiKiaMercedes BenzMGMiniMitsubishiNissanOpelPeugeotPorscheRenaultSeat &#8211; CupraSkodaSubaruSuzukiTeslaToyotaVolkswagenVolvoModelini Belirtiniz Vites Se\u00e7ene\u011fi Otomatik Manuel E-posta * G\u00f6nder \u0130kinci El Araba Al\u0131rken Nelere Dikkat Edilmeli? 2. el ara\u00e7 al\u0131rken dikkat edilmesi gereken 10 Madde nedir? 2. el otomobil almak isteyenler i\u00e7in [&hellip;]<\/p>\n","protected":false},"author":1,"featured_media":0,"parent":0,"menu_order":0,"comment_status":"closed","ping_status":"closed","template":"","meta":{"footnotes":""},"class_list":["post-6171","page","type-page","status-publish","hentry"],"_links":{"self":[{"href":"https:\/\/2kotomotiv.com\/index.php\/wp-json\/wp\/v2\/pages\/6171","targetHints":{"allow":["GET"]}}],"collection":[{"href":"https:\/\/2kotomotiv.com\/index.php\/wp-json\/wp\/v2\/pages"}],"about":[{"href":"https:\/\/2kotomotiv.com\/index.php\/wp-json\/wp\/v2\/types\/page"}],"author":[{"embeddable":true,"href":"https:\/\/2kotomotiv.com\/index.php\/wp-json\/wp\/v2\/users\/1"}],"replies":[{"embeddable":true,"href":"https:\/\/2kotomotiv.com\/index.php\/wp-json\/wp\/v2\/comments?post=6171"}],"version-history":[{"count":23,"href":"https:\/\/2kotomotiv.com\/index.php\/wp-json\/wp\/v2\/pages\/6171\/revisions"}],"predecessor-version":[{"id":6330,"href":"https:\/\/2kotomotiv.com\/index.php\/wp-json\/wp\/v2\/pages\/6171\/revisions\/6330"}],"wp:attachment":[{"href":"https:\/\/2kotomotiv.com\/index.php\/wp-json\/wp\/v2\/media?parent=6171"}],"curies":[{"name":"wp","href":"https:\/\/api.w.org\/{rel}","templated":true}]}}